ple of 7?
True
Is 13 a factor of 431?
False
Is 26 a factor of 9126?
True
Does 3 divide 14744?
False
Is 5 a multiple of 5?
True
Does 25 divide 500?
True
Does 79 divide 22779?
False
Is 57 a factor of 166?
False
Is 53 a factor of 159?
True
Is 39539 a multiple of 114?
False
Is 303 a multiple of 68?
False
Is 22 a factor of 11616?
True
Does 13 divide 75?
False
Does 12 divide 42894?
False
Is 25 a factor of 61725?
True
Is 35340 a multiple of 69?
False
Does 3 divide 122?
False
Is 309 a multiple of 103?
True
Is 398 a multiple of 44?
False
Is 47133 a multiple of 26?
False
Does 47 divide 8593?
False
Does 11 divide 558?
False
Does 9 divide 37675?
False
Is 2444 a multiple of 26?
True
Is 12210 a multiple of 74?
True
Is 60 a factor of 14520?
True
Is 398 a multiple of 5?
False
Does 16 divide 336?
True
Is 68 a factor of 9860?
True
Does 7 divide 24668?
True
Does 41 divide 2950?
False
Is 60 a factor of 1298?
False
Does 2 divide 16?
True
Does 23 divide 8927?
False
Is 26 a factor of 806?
True
Does 11 divide 462?
True
Is 4 a factor of 23160?
True
Is 6 a factor of 36?
True
Is 106 a factor of 7420?
True
Is 116028 a multiple of 33?
True
Is 182 a multiple of 13?
True
Is 85827 a multiple of 183?
True
Is 72 a factor of 6621?
False
Does 47 divide 33558?
True
Is 23 a factor of 1355?
False
Is 1369 a multiple of 37?
True
Does 16 divide 11312?
True
Is 86 a factor of 1094?
False
Is 58 a factor of 16276?
False
Is 22 a factor of 4950?
True
Is 11 a factor of 1705?
True
Does 18 divide 1548?
True
Is 29693 a multiple of 39?
False
Is 42 a factor of 764?
False
Is 49 a factor of 5806?
False
Does 4 divide 1516?
True
Is 24 a factor of 9700?
False
Is 9 a factor of 2439?
True
Is 11138 a multiple of 77?
False
Is 3408 a multiple of 48?
True
Is 14 a factor of 89?
False
Is 14 a factor of 5866?
True
Is 223 a multiple of 24?
False
Does 8 divide 168?
True
Is 15 a multiple of 15?
True
Does 40 divide 97520?
True
Is 3167 a multiple of 13?
False
Is 449 a multiple of 36?
False
Is 19 a factor of 3458?
True
Is 20 a factor of 23940?
True
Is 56 a factor of 51744?
True
Does 45 divide 50130?
True
Does 7 divide 518?
True
Does 53 divide 1970?
False
Does 59 divide 21476?
True
Is 770 a multiple of 14?
True
Is 660 a multiple of 30?
True
Does 10 divide 3673?
False
Does 138 divide 4692?
True
Is 17341 a multiple of 9?
False
Is 4 a factor of 9?
False
Does 38 divide 30001?
False
Does 7 divide 644?
True
Is 25 a factor of 29850?
True
Does 45 divide 12106?
False
Does 12 divide 9540?
True
Is 10780 a multiple of 70?
True
Is 3309 a multiple of 20?
False
Is 980 a multiple of 49?
True
Does 26 divide 2132?
True
Does 19 divide 4473?
False
Is 37 a factor of 16138?
False
Is 272 a multiple of 16?
True
Is 22 a factor of 235?
False
Is 25 a factor of 1594?
False
Does 20 divide 31994?
False
Is 28 a factor of 252?
True
Is 1021 a multiple of 6?
False
Is 2 a factor of 2774?
True
Is 5 a factor of 495?
True
Does 10 divide 919?
False
Does 8 divide 1142?
False
Is 1232 a multiple of 112?
True
Does 56 divide 18828?
False
Does 246 divide 34208?
False
Is 29112 a multiple of 12?
True
Does 161 divide 7406?
True
Does 9 divide 2431?
False
Does 3 divide 44714?
False
Does 92 divide 112?
False
Is 4160 a multiple of 20?
True
Is 34 a factor of 952?
True
Does 9 divide 930?
False
Does 70 divide 1190?
True
Is 145 a factor of 6396?
False
Is 100 a factor of 178?
False
Is 1815 a multiple of 15?
True
Is 102 a multiple of 43?
False
Is 4 a factor of 61?
False
Is 9 a factor of 477?
True
Does 31 divide 153?
False
Is 66 a factor of 2075?
False
Does 163 divide 22804?
False
Is 94 a factor of 24628?
True
Is 220 a factor of 85109?
False
Does 4 divide 984?
True
Does 27 divide 895?
False
Is 18 a factor of 414?
True
Is 55 a factor of 7601?
False
Is 7055 a multiple of 83?
True
Does 36 divide 67065?
False
Is 23 a factor of 3607?
False
Does 12 divide 44330?
False
Does 14 divide 15302?
True
Does 12 divide 457?
False
Does 19 divide 16112?
True
Is 3224 a multiple of 10?
False
Is 41 a factor of 2050?
True
Is 40181 a multiple of 19?
False
Is 401 a multiple of 8?
False
Is 275 a multiple of 23?
False
Does 40 divide 726?
False
Is 16 a factor of 1449?
False
Is 12030 a multiple of 30?
True
Is 198 a multiple of 66?
True
Does 353 divide 129551?
True
Does 31 divide 1287?
False
Does 15 divide 1500?
True
Is 9 a factor of 27540?
True
Is 3400 a multiple of 17?
True
Does 14 divide 1862?
True
Is 6 a factor of 150?
True
Does 5 divide 157?
False
Is 130 a factor of 28372?
False
Is 23712 a multiple of 26?
True
Is 10846 a multiple of 20?
False
Is 34 a factor of 7718?
True
Does 13 divide 21684?
True
Does 26 divide 28002?
True
Is 6825 a multiple of 15?
True
Does 13 divide 325?
True
Is 7581 a multiple of 92?
False
Is 2111 a multiple of 55?
False
Does 31 divide 24118?
True
Is 118 a factor of 12862?
True
Is 48 a factor of 59424?
True
Is 7 a factor of 365?
False
Is 5727 a multiple of 81?
False
Does 20 divide 16180?
True
Is 183 a multiple of 61?
True
Does 6 divide 12138?
True
Does 41 divide 47663?
False
Does 19 divide 1615?
True
Is 667 a multiple of 4?
False
Does 16 divide 4464?
True
Is 33 a factor of 297?
True
Does 24 divide 1497?
False
Is 4559 a multiple of 97?
True
Does 33 divide 12342?
True
Is 605 a multiple of 8?
False
Is 363 a multiple of 8?
False
Is 651 a multiple of 21?
True
Is 2410 a multiple of 51?
False
Does 13 divide 195?
True
Is 780 a multiple of 4?
True
Is 3286 a multiple of 106?
True
Is 3782 a multiple of 62?
True
Is 62 a factor of 58930?
False
Does 206 divide 60564?
True
Does 55 divide 7480?
True
Does 7 divide 5845?
True
Does 7 divide 86?
False
Does 35 divide 1283?
False
Is 67 a multiple of 5?
False
Is 16 a factor of 928?
True
Is 19 a factor of 22?
False
Is 40 a factor of 40?
True
Is 3864 a multiple of 56?
True
Is 35 a factor of 5616?
False
Does 45 divide 5092?
False
Does 61 divide 2562?
True
Is 13 a factor of 5083?
True
Is 295 a factor of 110330?
True
Does 18 divide 684?
True
Does 135 divide 6590?
False
Is 8 a factor of 16160?
True
Is 151 a factor of 8030?
False
Does 8 divide 29312?
True
Is 25 a factor of 225?
True
Does 11 divide 24310?
True
Does 40 divide 320?
True
Does 13 divide 102258?
True
Does 7 divide 184?
False
Does 71 divide 40803?
False
Does 23 divide 1150?
True
Does 72 divide 6480?
True
Is 10 a factor of 30?
True
Does 51 divide 78504?
False
Does 23 divide 1127?
True
Is 252 a multiple of 6?
True
Is 4432 a multiple of 4?
True
Is 13 a factor of 9533?
False
Does 21 divide 8337?
True
Does 13 divide 1185?
False
Is 14780 a multiple of 12?
False
Is 1152 a multiple of 23?
False
Is 2979 a multiple of 9?
True
Does 40 divide 11896?
False
Is 19 a factor of 3564?
False
Does 84 divide 6901?
False
Is 30 a factor of 330?
True
Is 9 a factor of 8226?
True
Does 16 divide 3936?
True
Is 1221 a multiple of 33?
True
Does 152 divide 37848?
True
Is 2546 a multiple of 67?
True
Is 143 a multiple of 13?
True
Is 39 a factor of 1677?
True
Does 46 divide 322?
True
Is 29494 a multiple of 127?
False
Is 112 a factor of 4074?
False
Does 27 divide 15148?
False
Is 14 a factor of 40656?
True
Is 37 a factor of 17094?
True
Is 18870 a multiple of 34?
True
Is 19 a factor of 988?
True
Does 124 divide 3472?
True
Is 40300 a multiple of 25?
True
Is 120 a multiple of 3?
True
Is 3343 a multiple of 69?
False
Is 275 a factor of 36025?
True
Is 11058 a multiple of 57?
True
Is 10 a factor of 3750?
True
Is 13 a factor of 866?
False
Is 8648 a multiple of 4?
True
Is 80 a factor of 2193?
False
Is 148 a multiple of 5?
False
Is 5234 a multiple of 9?
False
Is 245 a factor of 20580?
True
Is 480 a multiple of 32?
True
Is 899 a multiple of 35?
False
Is 12 a factor of 29280?
True
Is 15 a factor of 463?
False
Is 82 a factor of 2378?
True
Is 4550 a multiple of 13?
True
Is 38 a factor of 1475?
False
Is 1959 a multiple of 9?
False
Is 33 a factor of 3828?
True
Is 467 a multiple of 2?
False
Is 17 a factor of 3400?
True
Does 23 divide 667?
True
Is 113324 a multiple of 20?
False
Is 48 a factor of 864?
True
Is 35521 a multiple of 79?
False
Does 40 divide 1895?
False
Does 7 divide 17907?
False
Is 134 a multiple of 2?
True
Is 15 a factor of 3495?
True
Does 5 divide 286?
False
Does 2 divide 2619?
False
Is 783 a multiple of 29?
True
Is 5992 a multiple of 14?
True
Is 15 a factor of 6582?
False
Is 172 a factor of 38540?
False
Is 518 a multiple of 5?
Fal